[INFO] fetching crate streaming-platform 0.1.0...
[INFO] checking streaming-platform-0.1.0 against master#e6e4f7ed1589e03bc2f6c5931c1a72e7947e8682 for beta-170-4
[INFO] extracting crate streaming-platform 0.1.0 into /workspace/builds/worker-6-tc2/source
[INFO] validating manifest of crates.io crate streaming-platform 0.1.0 on toolchain e6e4f7ed1589e03bc2f6c5931c1a72e7947e8682
[INFO] running `Command { std: CARGO_HOME="/workspace/cargo-home" RUSTUP_HOME="/workspace/rustup-home" "/workspace/cargo-home/bin/cargo" "+e6e4f7ed1589e03bc2f6c5931c1a72e7947e8682" "metadata" "--manifest-path" "Cargo.toml" "--no-deps", kill_on_drop: false }`
[INFO] started tweaking crates.io crate streaming-platform 0.1.0
[INFO] finished tweaking crates.io crate streaming-platform 0.1.0
[INFO] tweaked toml for crates.io crate streaming-platform 0.1.0 written to /workspace/builds/worker-6-tc2/source/Cargo.toml
[INFO] crate crates.io crate streaming-platform 0.1.0 already has a lockfile, it will not be regenerated
[INFO] running `Command { std: CARGO_HOME="/workspace/cargo-home" RUSTUP_HOME="/workspace/rustup-home" "/workspace/cargo-home/bin/cargo" "+e6e4f7ed1589e03bc2f6c5931c1a72e7947e8682" "fetch" "--manifest-path" "Cargo.toml", kill_on_drop: false }`
[INFO] running `Command { std: "docker" "create" "-v" "/var/lib/crater-agent-workspace/builds/worker-6-tc2/target:/opt/rustwide/target:rw,Z" "-v" "/var/lib/crater-agent-workspace/builds/worker-6-tc2/source:/opt/rustwide/workdir:ro,Z" "-v" "/var/lib/crater-agent-workspace/cargo-home:/opt/rustwide/cargo-home:ro,Z" "-v" "/var/lib/crater-agent-workspace/rustup-home:/opt/rustwide/rustup-home:ro,Z" "-e" "SOURCE_DIR=/opt/rustwide/workdir" "-e" "CARGO_TARGET_DIR=/opt/rustwide/target" "-e" "CARGO_HOME=/opt/rustwide/cargo-home" "-e" "RUSTUP_HOME=/opt/rustwide/rustup-home" "-w" "/opt/rustwide/workdir" "-m" "1610612736" "--user" "0:0" "--network" "none" "ghcr.io/rust-lang/crates-build-env/linux@sha256:19e73879b68f455e41552ea35293514db52ea292d993f571636dbffedb77a1ee" "/opt/rustwide/cargo-home/bin/cargo" "+e6e4f7ed1589e03bc2f6c5931c1a72e7947e8682" "metadata" "--no-deps" "--format-version=1", kill_on_drop: false }`
[INFO] [stdout] 13275819b8a296e3cdd6ef0603ee01672b62cd2401b579320147cb3cceaf87f2
[INFO] running `Command { std: "docker" "start" "-a" "13275819b8a296e3cdd6ef0603ee01672b62cd2401b579320147cb3cceaf87f2", kill_on_drop: false }`
[INFO] running `Command { std: "docker" "inspect" "13275819b8a296e3cdd6ef0603ee01672b62cd2401b579320147cb3cceaf87f2", kill_on_drop: false }`
[INFO] running `Command { std: "docker" "rm" "-f" "13275819b8a296e3cdd6ef0603ee01672b62cd2401b579320147cb3cceaf87f2", kill_on_drop: false }`
[INFO] [stdout] 13275819b8a296e3cdd6ef0603ee01672b62cd2401b579320147cb3cceaf87f2
[INFO] running `Command { std: "docker" "create" "-v" "/var/lib/crater-agent-workspace/builds/worker-6-tc2/target:/opt/rustwide/target:rw,Z" "-v" "/var/lib/crater-agent-workspace/builds/worker-6-tc2/source:/opt/rustwide/workdir:ro,Z" "-v" "/var/lib/crater-agent-workspace/cargo-home:/opt/rustwide/cargo-home:ro,Z" "-v" "/var/lib/crater-agent-workspace/rustup-home:/opt/rustwide/rustup-home:ro,Z" "-e" "SOURCE_DIR=/opt/rustwide/workdir" "-e" "CARGO_TARGET_DIR=/opt/rustwide/target" "-e" "CARGO_INCREMENTAL=0" "-e" "RUST_BACKTRACE=full" "-e" "RUSTFLAGS=--cap-lints=forbid" "-e" "RUSTDOCFLAGS=--cap-lints=forbid" "-e" "CARGO_HOME=/opt/rustwide/cargo-home" "-e" "RUSTUP_HOME=/opt/rustwide/rustup-home" "-w" "/opt/rustwide/workdir" "-m" "1610612736" "--user" "0:0" "--network" "none" "ghcr.io/rust-lang/crates-build-env/linux@sha256:19e73879b68f455e41552ea35293514db52ea292d993f571636dbffedb77a1ee" "/opt/rustwide/cargo-home/bin/cargo" "+e6e4f7ed1589e03bc2f6c5931c1a72e7947e8682" "check" "--frozen" "--all" "--all-targets" "--message-format=json", kill_on_drop: false }`
[INFO] [stdout] 845f7b4b63cf1c09c6fbc4cf9d9aaed5fd48171d363fbdef15854ac5bd5a25a8
[INFO] running `Command { std: "docker" "start" "-a" "845f7b4b63cf1c09c6fbc4cf9d9aaed5fd48171d363fbdef15854ac5bd5a25a8", kill_on_drop: false }`
[INFO] [stderr]    Compiling proc-macro2 v1.0.19
[INFO] [stderr]    Compiling unicode-xid v0.2.1
[INFO] [stderr]    Compiling libc v0.2.76
[INFO] [stderr]    Compiling syn v1.0.38
[INFO] [stderr]     Checking cfg-if v0.1.10
[INFO] [stderr]    Compiling memchr v2.3.3
[INFO] [stderr]    Compiling getrandom v0.1.14
[INFO] [stderr]    Compiling serde_derive v1.0.115
[INFO] [stderr]    Compiling log v0.4.11
[INFO] [stderr]    Compiling serde v1.0.115
[INFO] [stderr]     Checking slab v0.4.2
[INFO] [stderr]    Compiling pin-project-internal v0.4.23
[INFO] [stderr]     Checking futures-core v0.3.5
[INFO] [stderr]    Compiling proc-macro-nested v0.1.6
[INFO] [stderr]     Checking lazy_static v1.4.0
[INFO] [stderr]     Checking ppv-lite86 v0.2.9
[INFO] [stderr]    Compiling ryu v1.0.5
[INFO] [stderr]    Compiling proc-macro-hack v0.5.18
[INFO] [stderr]     Checking once_cell v1.4.1
[INFO] [stderr]     Checking futures-sink v0.3.5
[INFO] [stderr]     Checking futures-channel v0.3.5
[INFO] [stderr]     Checking futures-task v0.3.5
[INFO] [stderr]     Checking futures-io v0.3.5
[INFO] [stderr]    Compiling quote v1.0.7
[INFO] [stderr]    Compiling serde_json v1.0.57
[INFO] [stderr]     Checking pin-utils v0.1.0
[INFO] [stderr]     Checking arc-swap v0.4.7
[INFO] [stderr]     Checking bytes v0.5.6
[INFO] [stderr]     Checking itoa v0.4.6
[INFO] [stderr]     Checking net2 v0.2.34
[INFO] [stderr]     Checking rand_core v0.5.1
[INFO] [stderr]     Checking iovec v0.1.4
[INFO] [stderr]     Checking signal-hook-registry v1.2.1
[INFO] [stderr]     Checking num_cpus v1.13.0
[INFO] [stderr]     Checking rand_chacha v0.2.2
[INFO] [stderr]     Checking aho-corasick v0.7.13
[INFO] [stderr]     Checking thread_local v1.0.1
[INFO] [stderr]     Checking regex-syntax v0.6.18
[INFO] [stderr]     Checking fnv v1.0.7
[INFO] [stderr]     Checking mio v0.6.22
[INFO] [stderr]     Checking pin-project-lite v0.1.7
[INFO] [stderr]     Checking quick-error v1.2.3
[INFO] [stderr]     Checking atty v0.2.14
[INFO] [stderr]     Checking rand v0.7.3
[INFO] [stderr]     Checking humantime v1.3.0
[INFO] [stderr]     Checking termcolor v1.1.0
[INFO] [stderr]     Checking siphasher v0.2.3
[INFO] [stderr]     Checking mio-uds v0.6.8
[INFO] [stderr]     Checking regex v1.3.9
[INFO] [stderr]     Checking env_logger v0.7.1
[INFO] [stderr]    Compiling futures-macro v0.3.5
[INFO] [stderr]    Compiling tokio-macros v0.2.5
[INFO] [stderr]     Checking tokio v0.2.22
[INFO] [stderr]     Checking pin-project v0.4.23
[INFO] [stderr]     Checking futures-util v0.3.5
[INFO] [stderr]     Checking futures-executor v0.3.5
[INFO] [stderr]     Checking futures v0.3.5
[INFO] [stderr]     Checking uuid v0.8.1
[INFO] [stderr]     Checking toml v0.5.6
[INFO] [stderr]     Checking sp-dto v0.1.0
[INFO] [stderr]     Checking streaming-platform v0.1.0 (/opt/rustwide/workdir)
[INFO] [stdout] error[E0412]: cannot find type `NoneError` in module `option`
[INFO] [stdout]    --> src/proto.rs:985:19
[INFO] [stdout]     |
[INFO] [stdout] 985 | impl From<option::NoneError> for ProcessError {
[INFO] [stdout]     |                   ^^^^^^^^^ not found in `option`
[INFO] [stdout]     |
[INFO] [stdout] help: there is an enum variant `crate::ProcessError::NoneError`; try using the variant's enum
[INFO] [stdout]     |
[INFO] [stdout] 985 | impl From<crate::ProcessError> for ProcessError {
[INFO] [stdout]     |           ~~~~~~~~~~~~~~~~~~~
[INFO] [stdout] 
[INFO] [stdout] 
[INFO] [stdout] error[E0412]: cannot find type `NoneError` in module `option`
[INFO] [stdout]    --> src/proto.rs:986:21
[INFO] [stdout]     |
[INFO] [stdout] 986 |     fn from(_: option::NoneError) -> ProcessError {
[INFO] [stdout]     |                        ^^^^^^^^^ not found in `option`
[INFO] [stdout]     |
[INFO] [stdout] help: there is an enum variant `crate::ProcessError::NoneError`; try using the variant's enum
[INFO] [stdout]     |
[INFO] [stdout] 986 |     fn from(_: crate::ProcessError) -> ProcessError {
[INFO] [stdout]     |                ~~~~~~~~~~~~~~~~~~~
[INFO] [stdout] 
[INFO] [stdout] 
[INFO] [stdout] error[E0412]: cannot find type `NoneError` in module `option`
[INFO] [stdout]    --> src/proto.rs:985:19
[INFO] [stdout]     |
[INFO] [stdout] 985 | impl From<option::NoneError> for ProcessError {
[INFO] [stdout]     |                   ^^^^^^^^^ not found in `option`
[INFO] [stdout]     |
[INFO] [stdout] help: there is an enum variant `crate::ProcessError::NoneError`; try using the variant's enum
[INFO] [stdout]     |
[INFO] [stdout] 985 | impl From<crate::ProcessError> for ProcessError {
[INFO] [stdout]     |           ~~~~~~~~~~~~~~~~~~~
[INFO] [stdout] 
[INFO] [stdout] 
[INFO] [stdout] error[E0412]: cannot find type `NoneError` in module `option`
[INFO] [stdout]    --> src/proto.rs:986:21
[INFO] [stdout]     |
[INFO] [stdout] 986 |     fn from(_: option::NoneError) -> ProcessError {
[INFO] [stdout]     |                        ^^^^^^^^^ not found in `option`
[INFO] [stdout]     |
[INFO] [stdout] help: there is an enum variant `crate::ProcessError::NoneError`; try using the variant's enum
[INFO] [stdout]     |
[INFO] [stdout] 986 |     fn from(_: crate::ProcessError) -> ProcessError {
[INFO] [stdout]     |                ~~~~~~~~~~~~~~~~~~~
[INFO] [stdout] 
[INFO] [stdout] 
[INFO] [stdout] error[E0635]: unknown feature `try_trait`
[INFO] [stdout]  --> src/lib.rs:2:12
[INFO] [stdout]   |
[INFO] [stdout] 2 | #![feature(try_trait)]
[INFO] [stdout]   |            ^^^^^^^^^
[INFO] [stdout] 
[INFO] [stdout] 
[INFO] [stdout] error[E0635]: unknown feature `try_trait`
[INFO] [stdout]  --> src/lib.rs:2:12
[INFO] [stdout]   |
[INFO] [stdout] 2 | #![feature(try_trait)]
[INFO] [stdout]   |            ^^^^^^^^^
[INFO] [stdout] 
[INFO] [stdout] 
[INFO] [stdout] error: aborting due to 3 previous errors
[INFO] [stdout] 
[INFO] [stdout] 
[INFO] [stdout] Some errors have detailed explanations: E0412, E0635.
[INFO] [stdout] 
[INFO] [stdout] For more information about an error, try `rustc --explain E0412`.
[INFO] [stdout] 
[INFO] [stdout] error: aborting due to 3 previous errors
[INFO] [stdout] 
[INFO] [stdout] 
[INFO] [stdout] Some errors have detailed explanations: E0412, E0635.
[INFO] [stdout] 
[INFO] [stdout] For more information about an error, try `rustc --explain E0412`.
[INFO] [stdout] 
[INFO] [stderr] error: could not compile `streaming-platform` (lib) due to 4 previous errors
[INFO] [stderr] warning: build failed, waiting for other jobs to finish...
[INFO] [stderr] error: could not compile `streaming-platform` (lib test) due to 4 previous errors
[INFO] running `Command { std: "docker" "inspect" "845f7b4b63cf1c09c6fbc4cf9d9aaed5fd48171d363fbdef15854ac5bd5a25a8", kill_on_drop: false }`
[INFO] running `Command { std: "docker" "rm" "-f" "845f7b4b63cf1c09c6fbc4cf9d9aaed5fd48171d363fbdef15854ac5bd5a25a8", kill_on_drop: false }`
[INFO] [stdout] 845f7b4b63cf1c09c6fbc4cf9d9aaed5fd48171d363fbdef15854ac5bd5a25a8
